{"id":2656,"date":"2022-10-25T10:01:13","date_gmt":"2022-10-25T08:01:13","guid":{"rendered":"https:\/\/francemurder.com\/?post_type=product&#038;p=2656"},"modified":"2025-01-29T23:11:51","modified_gmt":"2025-01-29T22:11:51","slug":"lenquete-du-grand-vizir","status":"publish","type":"product","link":"https:\/\/francemurder.com\/?product=lenquete-du-grand-vizir","title":{"rendered":"L\u2019Enqu\u00eate Grand Vizir"},"content":{"rendered":"<p><span style=\"color: #000000;\">Murder Party (niveau joueurs confirm\u00e9s) pour 18-24 personnes (+1 ou 2 Maitres du jeu)<\/span><\/p>\n<p><span style=\"color: #000000;\"><strong>Th\u00e8me<\/strong> : Mille et Une Nuits<br \/>\n<\/span><\/p>\n<p align=\"justify\"><span style=\"color: #000000;\"><strong>L\u2019Enqu\u00eate du Grand Vizir <\/strong><span lang=\"fr-FR\">se d\u00e9roule sur la Place du march\u00e9 de Bagdad \u00e0 l\u2019\u00e9poque des Mille et Une Nuits<br \/>\n<\/span><\/span><\/p>\n<p align=\"justify\"><span style=\"color: #000000;\">Le sultan, d\u00e9j\u00e0 confront\u00e9 aux tracas caus\u00e9s par Ali Baba et ses 40 Voleurs va confier \u00e0 son Grand Vizir le probl\u00e8me \u00e9pineux de la mort du Prince Aladin, le fianc\u00e9 de sa fille Sh\u00e9h\u00e9razade, retrouv\u00e9 mort entre deux \u00e9tals.<\/span><\/p>\n<p align=\"justify\"><span style=\"color: #000000;\">Leur mariage imminent avait attir\u00e9 des dizaines de nobles invit\u00e9s dont la s\u00e9curit\u00e9 est maintenant menac\u00e9e \u2026 Les gardes ont boucl\u00e9 le Grand Bazar, les investigations vont commencer et personne ne quittera les lieux tant que l\u2019affaire ne sera pas class\u00e9e.<\/span><\/p>\n<h4><span style=\"color: #000000;\">Le Casting de L&#8217;Enqu\u00eate du Grand Vizir<\/span><\/h4>\n<p><span style=\"color: #000000;\">\u2013 Le Grand Vizir et les gardes royaux<\/span><br \/>\n<span style=\"color: #000000;\">\u2013 Les princes voisins invit\u00e9s aux festivit\u00e9s<\/span><br \/>\n<span style=\"color: #000000;\">\u2013 Les marchands du Grand Bazar de Bagdad<\/span><br \/>\n<span style=\"color: #000000;\">\u2013 Les clients habituels et les nomades de passage<\/span><br \/>\n<span style=\"color: #000000;\">\u2013 Un charmeur de serpent et un fakir<\/span><br \/>\n<span style=\"color: #000000;\">\u2013 Et quelques personnes inattendues <\/span><\/p>\n<p><span style=\"color: #ff0000;\"><a style=\"color: #ff0000;\" href=\"https:\/\/francemurder.com\/?page_id=2659\" target=\"_blank\" rel=\"noopener\"><span style=\"color: #000000;\">(voir la fiche compl\u00e8te du jeu)<\/span><\/a><\/span><\/p>\n","protected":false},"excerpt":{"rendered":"<p><span style=\"color: #000000;\">Pour 18-24 personnes (+1 ou 2 Maitres du jeu)<\/span><br \/>\n<span style=\"color: #000000;\">Niveau joueurs confirm\u00e9s<\/span><br \/>\n<span style=\"color: #000000;\">Age minimum recommand\u00e9 16 ans<\/span><br \/>\n<span style=\"color: #000000;\">N\u00e9cessite une salle \u00e0 d\u00e9corer dans le style Mille et Une Nuits<\/span><br \/>\n<span style=\"color: #000000;\">Taille du fichier \u00e0 t\u00e9l\u00e9charger : env. 52 Mo<\/span><br \/>\n<span style=\"color: #ff0000;\"><strong>Nb de pages \u00e0 imprimer : env. 280<\/strong><\/span><\/p>\n<p>Veuillez \u00e0 respecter la r\u00e9partition suivante :<\/p>\n<p><img loading=\"lazy\" decoding=\"async\" class=\"wp-image-2672 alignleft\" src=\"https:\/\/francemurder.com\/wp-content\/uploads\/2022\/10\/EGV_Repartition_HF.png\" alt=\"\" width=\"354\" height=\"169\" srcset=\"https:\/\/francemurder.com\/wp-content\/uploads\/2022\/10\/EGV_Repartition_HF.png 757w, https:\/\/francemurder.com\/wp-content\/uploads\/2022\/10\/EGV_Repartition_HF-300x143.png 300w, https:\/\/francemurder.com\/wp-content\/uploads\/2022\/10\/EGV_Repartition_HF-600x287.png 600w\" sizes=\"auto, (max-width: 354px) 100vw, 354px\" \/><\/p>\n","protected":false},"featured_media":3359,"template":"","meta":{"_glsr_average":0,"_glsr_ranking":0,"_glsr_reviews":0},"product_brand":[],"product_cat":[27],"product_tag":[],"class_list":{"0":"post-2656","1":"product","2":"type-product","3":"status-publish","4":"has-post-thumbnail","6":"product_cat-niv-confirme","8":"first","9":"instock","10":"downloadable","11":"virtual","12":"sold-individually","13":"purchasable","14":"product-type-simple"},"_links":{"self":[{"href":"https:\/\/francemurder.com\/index.php?rest_route=\/wp\/v2\/product\/2656","targetHints":{"allow":["GET"]}}],"collection":[{"href":"https:\/\/francemurder.com\/index.php?rest_route=\/wp\/v2\/product"}],"about":[{"href":"https:\/\/francemurder.com\/index.php?rest_route=\/wp\/v2\/types\/product"}],"wp:featuredmedia":[{"embeddable":true,"href":"https:\/\/francemurder.com\/index.php?rest_route=\/wp\/v2\/media\/3359"}],"wp:attachment":[{"href":"https:\/\/francemurder.com\/index.php?rest_route=%2Fwp%2Fv2%2Fmedia&parent=2656"}],"wp:term":[{"taxonomy":"product_brand","embeddable":true,"href":"https:\/\/francemurder.com\/index.php?rest_route=%2Fwp%2Fv2%2Fproduct_brand&post=2656"},{"taxonomy":"product_cat","embeddable":true,"href":"https:\/\/francemurder.com\/index.php?rest_route=%2Fwp%2Fv2%2Fproduct_cat&post=2656"},{"taxonomy":"product_tag","embeddable":true,"href":"https:\/\/francemurder.com\/index.php?rest_route=%2Fwp%2Fv2%2Fproduct_tag&post=2656"}],"curies":[{"name":"wp","href":"https:\/\/api.w.org\/{rel}","templated":true}]}}