{"id":2279,"date":"2022-06-17T13:21:46","date_gmt":"2022-06-17T11:21:46","guid":{"rendered":"http:\/\/francemurder.com\/?post_type=product&#038;p=2279"},"modified":"2026-03-02T12:45:53","modified_gmt":"2026-03-02T11:45:53","slug":"istanbul-express","status":"publish","type":"product","link":"https:\/\/francemurder.com\/?product=istanbul-express","title":{"rendered":"Istanbul Express"},"content":{"rendered":"<p>Murder Party en mode standard pour 7-12 personnes (+1 ou 2 Maitre du jeu)<\/p>\n<p><strong>Th\u00e8me<\/strong> : Meurtre en huis-clos \u00e0 bord d&#8217;un train de luxe en 1914<\/p>\n<p>Le luxueux Istanbul Express emm\u00e8ne ses passagers en 3 jours du bord du Bosphore \u00e0 Paris dans un confort in\u00e9galable. Ce soir encore, plusieurs passagers \u00e9minents profitaient d\u2019une travers\u00e9e de l\u2019Europe en toute s\u00e9r\u00e9nit\u00e9.<\/p>\n<p>H\u00e9las le contexte politique du voyage \u00e9tait d\u00e9j\u00e0 des plus sombres\u00a0: 2 jours auparavant (le 28 Juin 1914) l\u2019archiduc Fran\u00e7ois-Ferdinand, h\u00e9ritier du tr\u00f4ne d\u2019Autriche-Hongrie avait \u00e9t\u00e9 victime d\u2019un attentat \u00e0 Sarajevo. Tous les journaux, pr\u00e9voyaient une grande p\u00e9riode de tension internationale &#8230;<\/p>\n<p>A cela s\u2019est rajout\u00e9 la d\u00e9couverte \u00e0 23H30, dans les cuisines du train, du corps de Selda Zaim, la servante du marchand ottoman Ezra Hoca, frapp\u00e9e mortellement \u00e0 la t\u00eate avec une casserole en fonte\u00a0!<\/p>\n<p>Le train doit continuer sans escale vers Paris qu\u2019il atteindra dans quelques heures et la Police fran\u00e7aise prendra en charge l\u2019enqu\u00eate sur ce d\u00e9c\u00e8s. D\u2019ici l\u00e0 les passagers devront se tenir sur leurs gardes et essayer de d\u00e9chiffrer quelques myst\u00e8res pour comprendre \u2026<\/p>\n<h2 style=\"text-align: right;\" align=\"justify\"><span style=\"color: #ff0000;\">Qui a tu\u00e9 Selda Zaim ?<\/span><\/h2>\n<p>&nbsp;<\/p>\n<p><a href=\"https:\/\/francemurder.com\/?page_id=1852\">(voir la fiche compl\u00e8te du jeu)<\/a><\/p>\n","protected":false},"excerpt":{"rendered":"<p>Pour 7-12 personnes (+1 ou 2 Maitre du jeu)<br \/>\n<strong>Niveau<\/strong> : Joueurs d\u00e9butants<br \/>\n<strong>Version num\u00e9rique<\/strong> : pr\u00e9voir l&#8217;impression de 150 pages couleur<br \/>\n<strong>Taille du fichier : <\/strong>env 47 Mo<br \/>\n<strong>Age minimum recommand\u00e9 : <\/strong>16 ans<\/p>\n<p>IMPORTANT :<br \/>\nRespectez la r\u00e9partition suivante<br \/>\n<img loading=\"lazy\" decoding=\"async\" class=\"wp-image-1861 alignleft\" src=\"https:\/\/francemurder.com\/wp-content\/uploads\/2021\/12\/MIE-Repart_HF.png\" alt=\"\" width=\"415\" height=\"179\" srcset=\"https:\/\/francemurder.com\/wp-content\/uploads\/2021\/12\/MIE-Repart_HF.png 756w, https:\/\/francemurder.com\/wp-content\/uploads\/2021\/12\/MIE-Repart_HF-300x129.png 300w, https:\/\/francemurder.com\/wp-content\/uploads\/2021\/12\/MIE-Repart_HF-600x259.png 600w\" sizes=\"auto, (max-width: 415px) 100vw, 415px\" \/><\/p>\n","protected":false},"featured_media":3326,"template":"","meta":{"_glsr_average":0,"_glsr_ranking":0,"_glsr_reviews":0},"product_brand":[],"product_cat":[26],"product_tag":[],"class_list":{"0":"post-2279","1":"product","2":"type-product","3":"status-publish","4":"has-post-thumbnail","6":"product_cat-niv-debutant","8":"first","9":"instock","10":"downloadable","11":"virtual","12":"sold-individually","13":"purchasable","14":"product-type-simple"},"_links":{"self":[{"href":"https:\/\/francemurder.com\/index.php?rest_route=\/wp\/v2\/product\/2279","targetHints":{"allow":["GET"]}}],"collection":[{"href":"https:\/\/francemurder.com\/index.php?rest_route=\/wp\/v2\/product"}],"about":[{"href":"https:\/\/francemurder.com\/index.php?rest_route=\/wp\/v2\/types\/product"}],"wp:featuredmedia":[{"embeddable":true,"href":"https:\/\/francemurder.com\/index.php?rest_route=\/wp\/v2\/media\/3326"}],"wp:attachment":[{"href":"https:\/\/francemurder.com\/index.php?rest_route=%2Fwp%2Fv2%2Fmedia&parent=2279"}],"wp:term":[{"taxonomy":"product_brand","embeddable":true,"href":"https:\/\/francemurder.com\/index.php?rest_route=%2Fwp%2Fv2%2Fproduct_brand&post=2279"},{"taxonomy":"product_cat","embeddable":true,"href":"https:\/\/francemurder.com\/index.php?rest_route=%2Fwp%2Fv2%2Fproduct_cat&post=2279"},{"taxonomy":"product_tag","embeddable":true,"href":"https:\/\/francemurder.com\/index.php?rest_route=%2Fwp%2Fv2%2Fproduct_tag&post=2279"}],"curies":[{"name":"wp","href":"https:\/\/api.w.org\/{rel}","templated":true}]}}