{"id":1592,"date":"2021-08-30T16:36:14","date_gmt":"2021-08-30T14:36:14","guid":{"rendered":"http:\/\/francemurder.com\/?post_type=product&#038;p=1592"},"modified":"2025-01-22T12:16:37","modified_gmt":"2025-01-22T11:16:37","slug":"le-dernier-testament-pre-imprime","status":"publish","type":"product","link":"https:\/\/francemurder.com\/?product=le-dernier-testament-pre-imprime","title":{"rendered":"Le Dernier Testament"},"content":{"rendered":"<p>Murder Party pour 6-9 personnes (+1 Maitre du jeu)<\/p>\n<p>Niveau d\u00e9butant<\/p>\n<p>Th\u00e8me : 1930 au Manoir d&#8217;Albion House. Roy O&#8217;Leary pr\u00e9pare son testament<\/p>\n<p>L\u2019action se d\u00e9roule au Manoir de Albion House dans les environs de la petite ville de Hiltorpe en Angleterre dans les ann\u00e9es 1930. Roy O\u2019Leary le propri\u00e9taire du domaine a \u00e9t\u00e9 assassin\u00e9 cet apr\u00e8s-midi. Roy \u00e9tait un homme \u00e2g\u00e9 et puissant, et plusieurs personnes peuvent pr\u00e9tendre \u00e0 h\u00e9riter de sa fortune.<br \/>\nIl est maintenant 21H00 et son notaire vous a propos\u00e9 de vous r\u00e9unir pour proc\u00e9der \u00e0 la lecture de son testament. La Police qui suspecte l\u2019un de vous d\u2019\u00eatre le meurtrier sera aussi l\u00e0.Tout le monde \u00e9coute religieusement la lecture de ce document controvers\u00e9.<br \/>\nRoy avait certainement une pr\u00e9monition de son triste destin, car la premi\u00e8re clause stipule ceci\u00a0: \u00ab\u00a0La totalit\u00e9 de ma richesse ira \u00e0 celui qui d\u00e9couvrira le nom de mon assassin &#8230;\u00a0\u00bb<\/p>\n<p><span style=\"color: #ff0000;\"><strong>Version num\u00e9ris\u00e9e de 80 pages en couleur<\/strong><\/span><\/p>\n<p>Contenu de la box :<br \/>\n&#8211; Manuel de l&#8217;organisateur<br \/>\n&#8211; Livrets de personnage + badges<br \/>\n&#8211; Indices et affichages divers<\/p>\n<p><a href=\"https:\/\/francemurder.com\/?page_id=1411\">(voir la fiche compl\u00e8te du jeu)<\/a><\/p>\n","protected":false},"excerpt":{"rendered":"<p>Pour 6-9 personnes (+1 Maitre du jeu)<br \/>\n<strong>Niveau\u00a0<\/strong> : D\u00e9butants<br \/>\n<span style=\"color: #ff0000;\"><strong>Version num\u00e9ris\u00e9e de 80 pages en couleur<br \/>\nTaille du fichier : env 32 Mo<br \/>\n<\/strong><\/span><strong><br \/>\nContenu de la box<\/strong> :<br \/>\n&#8211; Manuel de l&#8217;organisateur<br \/>\n&#8211; Livrets de personnage + badges<br \/>\n&#8211; Indices et affichages divers<br \/>\n<strong>Age minimum recommand\u00e9<\/strong> : 16 ans<\/p>\n<p>IMPORTANT : respectez la r\u00e9partition des joueurs<\/p>\n<p><img loading=\"lazy\" decoding=\"async\" class=\"wp-image-1419 alignleft\" src=\"https:\/\/francemurder.com\/wp-content\/uploads\/2021\/06\/Repartition-Homme-Femme-LDTv.jpg\" alt=\"\" width=\"423\" height=\"140\" srcset=\"https:\/\/francemurder.com\/wp-content\/uploads\/2021\/06\/Repartition-Homme-Femme-LDTv.jpg 613w, https:\/\/francemurder.com\/wp-content\/uploads\/2021\/06\/Repartition-Homme-Femme-LDTv-300x99.jpg 300w, https:\/\/francemurder.com\/wp-content\/uploads\/2021\/06\/Repartition-Homme-Femme-LDTv-600x199.jpg 600w\" sizes=\"auto, (max-width: 423px) 100vw, 423px\" \/><\/p>\n<p><a href=\"https:\/\/francemurder.com\/?page_id=2607\" target=\"_blank\" rel=\"noopener\">Infos pour obtenir une version pr\u00e9-imprim\u00e9e<\/a><\/p>\n","protected":false},"featured_media":3373,"template":"","meta":{"_glsr_average":0,"_glsr_ranking":0,"_glsr_reviews":0},"product_brand":[],"product_cat":[26],"product_tag":[],"class_list":{"0":"post-1592","1":"product","2":"type-product","3":"status-publish","4":"has-post-thumbnail","6":"product_cat-niv-debutant","8":"first","9":"instock","10":"downloadable","11":"virtual","12":"sold-individually","13":"purchasable","14":"product-type-simple"},"_links":{"self":[{"href":"https:\/\/francemurder.com\/index.php?rest_route=\/wp\/v2\/product\/1592","targetHints":{"allow":["GET"]}}],"collection":[{"href":"https:\/\/francemurder.com\/index.php?rest_route=\/wp\/v2\/product"}],"about":[{"href":"https:\/\/francemurder.com\/index.php?rest_route=\/wp\/v2\/types\/product"}],"wp:featuredmedia":[{"embeddable":true,"href":"https:\/\/francemurder.com\/index.php?rest_route=\/wp\/v2\/media\/3373"}],"wp:attachment":[{"href":"https:\/\/francemurder.com\/index.php?rest_route=%2Fwp%2Fv2%2Fmedia&parent=1592"}],"wp:term":[{"taxonomy":"product_brand","embeddable":true,"href":"https:\/\/francemurder.com\/index.php?rest_route=%2Fwp%2Fv2%2Fproduct_brand&post=1592"},{"taxonomy":"product_cat","embeddable":true,"href":"https:\/\/francemurder.com\/index.php?rest_route=%2Fwp%2Fv2%2Fproduct_cat&post=1592"},{"taxonomy":"product_tag","embeddable":true,"href":"https:\/\/francemurder.com\/index.php?rest_route=%2Fwp%2Fv2%2Fproduct_tag&post=1592"}],"curies":[{"name":"wp","href":"https:\/\/api.w.org\/{rel}","templated":true}]}}