{"id":7931,"date":"2026-01-28T16:33:29","date_gmt":"2026-01-28T15:33:29","guid":{"rendered":"https:\/\/francemurder.com\/?page_id=7931"},"modified":"2026-02-16T18:57:30","modified_gmt":"2026-02-16T17:57:30","slug":"le-samourai-vert","status":"publish","type":"page","link":"https:\/\/francemurder.com\/?page_id=7931","title":{"rendered":"Le Samoura\u00ef Vert"},"content":{"rendered":"\n<h1 class=\"wp-block-heading has-text-align-center\">Le Samoura\u00ef Vert<\/h1>\n\n\n<div class=\"wp-block-image\">\n<figure class=\"aligncenter size-full is-resized\"><img loading=\"lazy\" decoding=\"async\" width=\"500\" height=\"500\" src=\"https:\/\/francemurder.com\/wp-content\/uploads\/2026\/02\/LSV-Logo-Karaoke.png\" alt=\"\" class=\"wp-image-8024\" style=\"width:162px;height:auto\" srcset=\"https:\/\/francemurder.com\/wp-content\/uploads\/2026\/02\/LSV-Logo-Karaoke.png 500w, https:\/\/francemurder.com\/wp-content\/uploads\/2026\/02\/LSV-Logo-Karaoke-300x300.png 300w, https:\/\/francemurder.com\/wp-content\/uploads\/2026\/02\/LSV-Logo-Karaoke-150x150.png 150w, https:\/\/francemurder.com\/wp-content\/uploads\/2026\/02\/LSV-Logo-Karaoke-100x100.png 100w\" sizes=\"auto, (max-width: 500px) 100vw, 500px\" \/><\/figure><\/div>\n\n\n<hr class=\"wp-block-separator has-alpha-channel-opacity\"\/>\n\n\n\n<p class=\"has-text-align-center\"><strong><mark style=\"background-color:rgba(0, 0, 0, 0);color:#e10f0f\" class=\"has-inline-color\">Murder Party &#8220;Sp\u00e9cial Initiation&#8221;<\/mark><\/strong><\/p>\n\n\n\n<hr class=\"wp-block-separator has-alpha-channel-opacity\"\/>\n\n\n\n<figure class=\"wp-block-image size-large\"><img loading=\"lazy\" decoding=\"async\" width=\"1024\" height=\"455\" src=\"https:\/\/francemurder.com\/wp-content\/uploads\/2026\/02\/LSV-Fiche-Tech-1024x455.jpg\" alt=\"\" class=\"wp-image-8017\" srcset=\"https:\/\/francemurder.com\/wp-content\/uploads\/2026\/02\/LSV-Fiche-Tech-1024x455.jpg 1024w, https:\/\/francemurder.com\/wp-content\/uploads\/2026\/02\/LSV-Fiche-Tech-300x133.jpg 300w, https:\/\/francemurder.com\/wp-content\/uploads\/2026\/02\/LSV-Fiche-Tech-768x341.jpg 768w, https:\/\/francemurder.com\/wp-content\/uploads\/2026\/02\/LSV-Fiche-Tech-1536x682.jpg 1536w, https:\/\/francemurder.com\/wp-content\/uploads\/2026\/02\/LSV-Fiche-Tech-600x266.jpg 600w, https:\/\/francemurder.com\/wp-content\/uploads\/2026\/02\/LSV-Fiche-Tech.jpg 2048w\" sizes=\"auto, (max-width: 1024px) 100vw, 1024px\" \/><\/figure>\n\n\n\n<div class=\"wp-block-buttons is-content-justification-center is-layout-flex wp-container-core-buttons-is-layout-1 wp-block-buttons-is-layout-flex\">\n<div class=\"wp-block-button\"><a class=\"wp-block-button__link has-white-color has-text-color has-background wp-element-button\" href=\"https:\/\/francemurder.com\/?product=le-samourai-vert\" style=\"background-color:#ff0000\" target=\"_blank\" rel=\"noreferrer noopener\">Acheter le jeu 18 \u20ac<\/a><\/div>\n\n\n\n<div class=\"wp-block-button\"><a class=\"wp-block-button__link has-white-color has-text-color has-background wp-element-button\" href=\"https:\/\/francemurder.com\/wp-content\/uploads\/2026\/02\/LSV-Presentation-du-Samourai-Vert-v.1.16.02.2026.pdf\" style=\"background-color:#0404ff\" target=\"_blank\" rel=\"noreferrer noopener\">T\u00e9l\u00e9charger le descriptif<\/a><\/div>\n<\/div>\n\n\n\n<figure class=\"wp-block-image size-full\"><img loading=\"lazy\" decoding=\"async\" width=\"1240\" height=\"1070\" src=\"https:\/\/francemurder.com\/wp-content\/uploads\/2026\/02\/LSV-Scenario-Bas.jpg\" alt=\"\" class=\"wp-image-8018\" srcset=\"https:\/\/francemurder.com\/wp-content\/uploads\/2026\/02\/LSV-Scenario-Bas.jpg 1240w, https:\/\/francemurder.com\/wp-content\/uploads\/2026\/02\/LSV-Scenario-Bas-300x259.jpg 300w, https:\/\/francemurder.com\/wp-content\/uploads\/2026\/02\/LSV-Scenario-Bas-1024x884.jpg 1024w, https:\/\/francemurder.com\/wp-content\/uploads\/2026\/02\/LSV-Scenario-Bas-768x663.jpg 768w, https:\/\/francemurder.com\/wp-content\/uploads\/2026\/02\/LSV-Scenario-Bas-600x518.jpg 600w\" sizes=\"auto, (max-width: 1240px) 100vw, 1240px\" \/><\/figure>\n\n\n\n<div class=\"wp-block-buttons is-content-justification-center is-layout-flex wp-container-core-buttons-is-layout-2 wp-block-buttons-is-layout-flex\">\n<div class=\"wp-block-button\"><a class=\"wp-block-button__link has-white-color has-text-color has-background wp-element-button\" href=\"https:\/\/francemurder.com\/?product=le-samourai-vert\" style=\"background-color:#ff0000\" target=\"_blank\" rel=\"noreferrer noopener\">Acheter le jeu 18 \u20ac<\/a><\/div>\n\n\n\n<div class=\"wp-block-button\"><a class=\"wp-block-button__link has-white-color has-text-color has-background wp-element-button\" href=\"https:\/\/francemurder.com\/wp-content\/uploads\/2026\/02\/LSV-Presentation-du-Samourai-Vert-v.1.16.02.2026.pdf\" style=\"background-color:#0404ff\" target=\"_blank\" rel=\"noreferrer noopener\">T\u00e9l\u00e9charger le descriptif<\/a><\/div>\n<\/div>\n\n\n\n<h4 class=\"wp-block-heading\">Casting du Samoura\u00ef Vert<\/h4>\n\n\n\n<ul class=\"wp-block-list\">\n<li><strong>Isamu Morita<\/strong> : Patron du &#8220;Petit Lotus&#8221; une \u00e9choppe \u00e0 sushis<\/li>\n\n\n\n<li><strong>Bushi Katayama<\/strong> : Ing\u00e9nieur chimiste d&#8217;une exploitation de th\u00e9<\/li>\n\n\n\n<li><strong>Fumi Honda<\/strong> : Barmaid de &#8220;Dragon Rouge&#8221;<\/li>\n\n\n\n<li><strong>Eiji Tanaka<\/strong> : Vendeur de glace ambulant<\/li>\n\n\n\n<li><strong>Hideaki Kuroda<\/strong> : PDG de la soci\u00e9t\u00e9 Hightech HKWatch<\/li>\n\n\n\n<li><strong>Ginko Katayama<\/strong> : G\u00e9rante de la boutique &#8220;La Geisha&#8221;<\/li>\n\n\n\n<li><strong>Jiro Ozawa<\/strong> : Ancien champion de Sumo<\/li>\n\n\n\n<li><strong>Chiharu Aoki<\/strong> : Collectionneur d&#8217;art antique japonais<\/li>\n<\/ul>\n\n\n\n<figure class=\"wp-block-image size-large\"><img loading=\"lazy\" decoding=\"async\" width=\"1024\" height=\"758\" src=\"https:\/\/francemurder.com\/wp-content\/uploads\/2026\/02\/Filigrane-3-1024x758.jpg\" alt=\"\" class=\"wp-image-8021\" srcset=\"https:\/\/francemurder.com\/wp-content\/uploads\/2026\/02\/Filigrane-3-1024x758.jpg 1024w, https:\/\/francemurder.com\/wp-content\/uploads\/2026\/02\/Filigrane-3-300x222.jpg 300w, https:\/\/francemurder.com\/wp-content\/uploads\/2026\/02\/Filigrane-3-768x569.jpg 768w, https:\/\/francemurder.com\/wp-content\/uploads\/2026\/02\/Filigrane-3-600x444.jpg 600w, https:\/\/francemurder.com\/wp-content\/uploads\/2026\/02\/Filigrane-3.jpg 1040w\" sizes=\"auto, (max-width: 1024px) 100vw, 1024px\" \/><\/figure>\n\n\n\n<p><\/p>\n","protected":false},"excerpt":{"rendered":"<p>Le Samoura\u00ef Vert Murder Party &#8220;Sp\u00e9cial Initiation&#8221; Casting du Samoura\u00ef Vert<\/p>\n","protected":false},"author":1,"featured_media":0,"parent":0,"menu_order":0,"comment_status":"closed","ping_status":"closed","template":"","meta":{"_glsr_average":0,"_glsr_ranking":0,"_glsr_reviews":0,"footnotes":""},"class_list":["post-7931","page","type-page","status-publish","hentry"],"_links":{"self":[{"href":"https:\/\/francemurder.com\/index.php?rest_route=\/wp\/v2\/pages\/7931","targetHints":{"allow":["GET"]}}],"collection":[{"href":"https:\/\/francemurder.com\/index.php?rest_route=\/wp\/v2\/pages"}],"about":[{"href":"https:\/\/francemurder.com\/index.php?rest_route=\/wp\/v2\/types\/page"}],"author":[{"embeddable":true,"href":"https:\/\/francemurder.com\/index.php?rest_route=\/wp\/v2\/users\/1"}],"replies":[{"embeddable":true,"href":"https:\/\/francemurder.com\/index.php?rest_route=%2Fwp%2Fv2%2Fcomments&post=7931"}],"version-history":[{"count":8,"href":"https:\/\/francemurder.com\/index.php?rest_route=\/wp\/v2\/pages\/7931\/revisions"}],"predecessor-version":[{"id":8027,"href":"https:\/\/francemurder.com\/index.php?rest_route=\/wp\/v2\/pages\/7931\/revisions\/8027"}],"wp:attachment":[{"href":"https:\/\/francemurder.com\/index.php?rest_route=%2Fwp%2Fv2%2Fmedia&parent=7931"}],"curies":[{"name":"wp","href":"https:\/\/api.w.org\/{rel}","templated":true}]}}