{"id":469,"date":"2021-03-29T11:51:19","date_gmt":"2021-03-29T09:51:19","guid":{"rendered":"http:\/\/francemurder.com\/?page_id=469"},"modified":"2023-08-31T10:25:59","modified_gmt":"2023-08-31T08:25:59","slug":"faq-jeux-enfants","status":"publish","type":"page","link":"https:\/\/francemurder.com\/?page_id=469","title":{"rendered":"FAQ : Jeux Enfants"},"content":{"rendered":"\n<div class=\"wp-block-media-text alignwide is-stacked-on-mobile\" style=\"grid-template-columns:15% auto\"><figure class=\"wp-block-media-text__media\"><img loading=\"lazy\" decoding=\"async\" width=\"1012\" height=\"1003\" src=\"https:\/\/francemurder.com\/wp-content\/uploads\/2023\/08\/Midjourney-Helper.png\" alt=\"\" class=\"wp-image-3481 size-full\" srcset=\"https:\/\/francemurder.com\/wp-content\/uploads\/2023\/08\/Midjourney-Helper.png 1012w, https:\/\/francemurder.com\/wp-content\/uploads\/2023\/08\/Midjourney-Helper-300x297.png 300w, https:\/\/francemurder.com\/wp-content\/uploads\/2023\/08\/Midjourney-Helper-150x150.png 150w, https:\/\/francemurder.com\/wp-content\/uploads\/2023\/08\/Midjourney-Helper-768x761.png 768w, https:\/\/francemurder.com\/wp-content\/uploads\/2023\/08\/Midjourney-Helper-600x595.png 600w, https:\/\/francemurder.com\/wp-content\/uploads\/2023\/08\/Midjourney-Helper-100x100.png 100w\" sizes=\"auto, (max-width: 1012px) 100vw, 1012px\" \/><\/figure><div class=\"wp-block-media-text__content\">\n<h2 class=\"has-text-align-left wp-block-heading\">FAQ : Jeux pour Enfants<\/h2>\n<\/div><\/div>\n\n\n\n<hr class=\"wp-block-separator has-css-opacity\"\/>\n\n\n\n<p>En quoi consistent les jeux pour enfants de <strong><span style=\"color:#0404ff\" class=\"has-inline-color\">FRANCE MURDER<\/span><\/strong> ?<\/p>\n\n\n\n<p class=\"has-medium-font-size\"><strong><span class=\"has-inline-color has-vivid-red-color\">Une activit\u00e9 ludique originale<\/span><\/strong><\/p>\n\n\n\n<p>Les packages de jeux pour enfant sont compos\u00e9s de 7 jeux ind\u00e9pendants bas\u00e9s sur :<\/p>\n\n\n\n<ul class=\"wp-block-list\"><li>La logique<\/li><li>L&#8217;observation<\/li><li>L&#8217;adresse<\/li><li>La ruse<\/li><\/ul>\n\n\n\n<p><strong>Il sont d\u00e9velopp\u00e9s pour  :<\/strong><\/p>\n\n\n\n<ul class=\"wp-block-list\"><li>Une tranche d&#8217;age d\u00e9termin\u00e9e (8\/12ans)<\/li><li>Ax\u00e9s sur un th\u00e8me &#8220;fun&#8221; (Pirates, Monstres)<\/li><\/ul>\n\n\n\n<p><strong>Ils n\u00e9cessitent<\/strong><\/p>\n\n\n\n<ul class=\"wp-block-list\"><li>Entre 1 et 4 adultes pour l&#8217;encadrement<\/li><li>un espace d\u00e9di\u00e9 \u00e0 l&#8217;activit\u00e9 (grand salon, jardin, etc &#8230;)<\/li><\/ul>\n\n\n\n<p>et ils ont une <strong>dur\u00e9e<\/strong> approximative de 1<sup>H<\/sup>00 \u00e0 1<sup>H<\/sup>30<\/p>\n\n\n\n<p><a href=\"https:\/\/francemurder.com\/?page_id=294\" data-type=\"page\" data-id=\"294\">acc\u00e9der \u00e0 la liste des jeux enfants<\/a><\/p>\n\n\n\n<ul class=\"wp-block-list\"><li><a href=\"https:\/\/francemurder.com\/?page_id=973\">Halloween en Folie<\/a><\/li><li><a href=\"https:\/\/francemurder.com\/?page_id=1059\" data-type=\"page\" data-id=\"1059\">Pirate Kids<\/a><\/li><\/ul>\n\n\n\n<div class=\"wp-block-columns is-layout-flex wp-container-core-columns-is-layout-1 wp-block-columns-is-layout-flex\">\n<div class=\"wp-block-column is-layout-flow wp-block-column-is-layout-flow\">\n<figure class=\"wp-block-image size-large\"><a href=\"https:\/\/francemurder.com\/?page_id=973\"><img loading=\"lazy\" decoding=\"async\" width=\"1024\" height=\"665\" src=\"https:\/\/francemurder.com\/wp-content\/uploads\/2023\/08\/visuel4x3-HF-V2-1-1024x665.jpg\" alt=\"\" class=\"wp-image-3523\" srcset=\"https:\/\/francemurder.com\/wp-content\/uploads\/2023\/08\/visuel4x3-HF-V2-1-1024x665.jpg 1024w, https:\/\/francemurder.com\/wp-content\/uploads\/2023\/08\/visuel4x3-HF-V2-1-300x195.jpg 300w, https:\/\/francemurder.com\/wp-content\/uploads\/2023\/08\/visuel4x3-HF-V2-1-768x498.jpg 768w, https:\/\/francemurder.com\/wp-content\/uploads\/2023\/08\/visuel4x3-HF-V2-1-1536x997.jpg 1536w, https:\/\/francemurder.com\/wp-content\/uploads\/2023\/08\/visuel4x3-HF-V2-1-600x389.jpg 600w, https:\/\/francemurder.com\/wp-content\/uploads\/2023\/08\/visuel4x3-HF-V2-1.jpg 1875w\" sizes=\"auto, (max-width: 1024px) 100vw, 1024px\" \/><\/a><\/figure>\n<\/div>\n\n\n\n<div class=\"wp-block-column is-layout-flow wp-block-column-is-layout-flow\">\n<figure class=\"wp-block-image size-large\"><img loading=\"lazy\" decoding=\"async\" width=\"1024\" height=\"665\" src=\"https:\/\/francemurder.com\/wp-content\/uploads\/2023\/08\/visuel4x3-PK-v2-1024x665.jpg\" alt=\"\" class=\"wp-image-3366\" srcset=\"https:\/\/francemurder.com\/wp-content\/uploads\/2023\/08\/visuel4x3-PK-v2-1024x665.jpg 1024w, https:\/\/francemurder.com\/wp-content\/uploads\/2023\/08\/visuel4x3-PK-v2-300x195.jpg 300w, https:\/\/francemurder.com\/wp-content\/uploads\/2023\/08\/visuel4x3-PK-v2-768x498.jpg 768w, https:\/\/francemurder.com\/wp-content\/uploads\/2023\/08\/visuel4x3-PK-v2-1536x997.jpg 1536w, https:\/\/francemurder.com\/wp-content\/uploads\/2023\/08\/visuel4x3-PK-v2-600x389.jpg 600w, https:\/\/francemurder.com\/wp-content\/uploads\/2023\/08\/visuel4x3-PK-v2.jpg 1875w\" sizes=\"auto, (max-width: 1024px) 100vw, 1024px\" \/><\/figure>\n<\/div>\n<\/div>\n","protected":false},"excerpt":{"rendered":"<p>FAQ : Jeux pour Enfants En quoi consistent les jeux pour enfants de FRANCE MURDER ? Une activit\u00e9 ludique originale Les packages de jeux pour enfant sont compos\u00e9s de 7 jeux ind\u00e9pendants bas\u00e9s sur : La logique L&#8217;observation L&#8217;adresse La ruse Il sont d\u00e9velopp\u00e9s pour : Une tranche d&#8217;age d\u00e9termin\u00e9e (8\/12ans) Ax\u00e9s sur un th\u00e8me [&hellip;]<\/p>\n","protected":false},"author":1,"featured_media":0,"parent":0,"menu_order":0,"comment_status":"closed","ping_status":"closed","template":"","meta":{"_glsr_average":0,"_glsr_ranking":0,"_glsr_reviews":0,"footnotes":""},"class_list":["post-469","page","type-page","status-publish","hentry"],"_links":{"self":[{"href":"https:\/\/francemurder.com\/index.php?rest_route=\/wp\/v2\/pages\/469","targetHints":{"allow":["GET"]}}],"collection":[{"href":"https:\/\/francemurder.com\/index.php?rest_route=\/wp\/v2\/pages"}],"about":[{"href":"https:\/\/francemurder.com\/index.php?rest_route=\/wp\/v2\/types\/page"}],"author":[{"embeddable":true,"href":"https:\/\/francemurder.com\/index.php?rest_route=\/wp\/v2\/users\/1"}],"replies":[{"embeddable":true,"href":"https:\/\/francemurder.com\/index.php?rest_route=%2Fwp%2Fv2%2Fcomments&post=469"}],"version-history":[{"count":18,"href":"https:\/\/francemurder.com\/index.php?rest_route=\/wp\/v2\/pages\/469\/revisions"}],"predecessor-version":[{"id":3527,"href":"https:\/\/francemurder.com\/index.php?rest_route=\/wp\/v2\/pages\/469\/revisions\/3527"}],"wp:attachment":[{"href":"https:\/\/francemurder.com\/index.php?rest_route=%2Fwp%2Fv2%2Fmedia&parent=469"}],"curies":[{"name":"wp","href":"https:\/\/api.w.org\/{rel}","templated":true}]}}