{"id":443,"date":"2021-03-29T11:35:41","date_gmt":"2021-03-29T09:35:41","guid":{"rendered":"http:\/\/francemurder.com\/?page_id=443"},"modified":"2023-08-31T09:15:03","modified_gmt":"2023-08-31T07:15:03","slug":"reserve","status":"publish","type":"page","link":"https:\/\/francemurder.com\/?page_id=443","title":{"rendered":"FAQ : Mourir"},"content":{"rendered":"\n<div class=\"wp-block-media-text alignwide is-stacked-on-mobile\" style=\"grid-template-columns:15% auto\"><figure class=\"wp-block-media-text__media\"><img loading=\"lazy\" decoding=\"async\" width=\"1012\" height=\"1003\" src=\"https:\/\/francemurder.com\/wp-content\/uploads\/2023\/08\/Midjourney-Helper.png\" alt=\"\" class=\"wp-image-3481 size-full\" srcset=\"https:\/\/francemurder.com\/wp-content\/uploads\/2023\/08\/Midjourney-Helper.png 1012w, https:\/\/francemurder.com\/wp-content\/uploads\/2023\/08\/Midjourney-Helper-300x297.png 300w, https:\/\/francemurder.com\/wp-content\/uploads\/2023\/08\/Midjourney-Helper-150x150.png 150w, https:\/\/francemurder.com\/wp-content\/uploads\/2023\/08\/Midjourney-Helper-768x761.png 768w, https:\/\/francemurder.com\/wp-content\/uploads\/2023\/08\/Midjourney-Helper-600x595.png 600w, https:\/\/francemurder.com\/wp-content\/uploads\/2023\/08\/Midjourney-Helper-100x100.png 100w\" sizes=\"auto, (max-width: 1012px) 100vw, 1012px\" \/><\/figure><div class=\"wp-block-media-text__content\">\n<h2 class=\"has-text-align-left wp-block-heading\">FAQ : Peut-on mourir ?<\/h2>\n<\/div><\/div>\n\n\n\n<hr class=\"wp-block-separator has-css-opacity\"\/>\n\n\n\n<h2 class=\"wp-block-heading\"><br><span style=\"color:#0404ff\" class=\"has-inline-color\">OUI !!!<\/span><\/h2>\n\n\n\n<p><br>Ce risque existe et \u00e7a nous parait bien normal, mais, par contre, hors de question de vous faire sortir de la soir\u00e9e apr\u00e8s 5 minutes de jeu. Trois astuces sc\u00e9naristiques permettent de contourner ce probl\u00e8me :<\/p>\n\n\n\n<ul class=\"wp-block-list\"><li>Soit vous revenez dans la partie sous une autre forme (votre fant\u00f4me, votre jumeau, un autre personnage, etc&#8230;)<\/li><li>Soit vous devenez un d\u00e9tective anonyme simplement en charge de la d\u00e9couverte du meurtrier<\/li><li>Soit le scenario pr\u00e9cise que le &#8220;Droit de Tuer&#8221; n&#8217;intervient que dans la derni\u00e8re demi-heure du jeu<\/li><\/ul>\n\n\n\n<p><strong>Notre conseil<\/strong> : soyez prudent ou alors prenez les devants !<\/p>\n\n\n\n<h2 class=\"wp-block-heading\">Le chant du cygne<\/h2>\n\n\n\n<p><br>Mourir dans une Murder-Party de <strong><span style=\"color:#0404ff\" class=\"has-inline-color\">FRANCE MURDER<\/span><\/strong> accorde un privil\u00e8ge<\/p>\n\n\n\n<p>Le <em>MAITRE DU JEU<\/em> vous autorisera une derni\u00e8re action courte et symbolique juste avant de rendre votre dernier soupir. Choisissez-la bien et votre assassin se mordra peut-\u00eatre les doigts de vous avoir envoy\u00e9 six pieds sous terre.<\/p>\n\n\n\n<figure class=\"wp-block-image size-large is-resized is-style-rounded\"><img loading=\"lazy\" decoding=\"async\" src=\"https:\/\/francemurder.com\/wp-content\/uploads\/2021\/09\/La-ruee-vers-le-tresor-P3240122-1024x768.jpg\" alt=\"\" class=\"wp-image-1635\" width=\"580\" height=\"435\" srcset=\"https:\/\/francemurder.com\/wp-content\/uploads\/2021\/09\/La-ruee-vers-le-tresor-P3240122-1024x768.jpg 1024w, https:\/\/francemurder.com\/wp-content\/uploads\/2021\/09\/La-ruee-vers-le-tresor-P3240122-300x225.jpg 300w, https:\/\/francemurder.com\/wp-content\/uploads\/2021\/09\/La-ruee-vers-le-tresor-P3240122-768x576.jpg 768w, https:\/\/francemurder.com\/wp-content\/uploads\/2021\/09\/La-ruee-vers-le-tresor-P3240122-1536x1152.jpg 1536w, https:\/\/francemurder.com\/wp-content\/uploads\/2021\/09\/La-ruee-vers-le-tresor-P3240122-2048x1536.jpg 2048w, https:\/\/francemurder.com\/wp-content\/uploads\/2021\/09\/La-ruee-vers-le-tresor-P3240122-600x450.jpg 600w\" sizes=\"auto, (max-width: 580px) 100vw, 580px\" \/><\/figure>\n","protected":false},"excerpt":{"rendered":"<p>FAQ : Peut-on mourir ? OUI !!! Ce risque existe et \u00e7a nous parait bien normal, mais, par contre, hors de question de vous faire sortir de la soir\u00e9e apr\u00e8s 5 minutes de jeu. Trois astuces sc\u00e9naristiques permettent de contourner ce probl\u00e8me : Soit vous revenez dans la partie sous une autre forme (votre fant\u00f4me, [&hellip;]<\/p>\n","protected":false},"author":1,"featured_media":0,"parent":0,"menu_order":0,"comment_status":"closed","ping_status":"closed","template":"","meta":{"_glsr_average":0,"_glsr_ranking":0,"_glsr_reviews":0,"footnotes":""},"class_list":["post-443","page","type-page","status-publish","hentry"],"_links":{"self":[{"href":"https:\/\/francemurder.com\/index.php?rest_route=\/wp\/v2\/pages\/443","targetHints":{"allow":["GET"]}}],"collection":[{"href":"https:\/\/francemurder.com\/index.php?rest_route=\/wp\/v2\/pages"}],"about":[{"href":"https:\/\/francemurder.com\/index.php?rest_route=\/wp\/v2\/types\/page"}],"author":[{"embeddable":true,"href":"https:\/\/francemurder.com\/index.php?rest_route=\/wp\/v2\/users\/1"}],"replies":[{"embeddable":true,"href":"https:\/\/francemurder.com\/index.php?rest_route=%2Fwp%2Fv2%2Fcomments&post=443"}],"version-history":[{"count":15,"href":"https:\/\/francemurder.com\/index.php?rest_route=\/wp\/v2\/pages\/443\/revisions"}],"predecessor-version":[{"id":3485,"href":"https:\/\/francemurder.com\/index.php?rest_route=\/wp\/v2\/pages\/443\/revisions\/3485"}],"wp:attachment":[{"href":"https:\/\/francemurder.com\/index.php?rest_route=%2Fwp%2Fv2%2Fmedia&parent=443"}],"curies":[{"name":"wp","href":"https:\/\/api.w.org\/{rel}","templated":true}]}}