{"id":4308,"date":"2024-02-14T12:49:50","date_gmt":"2024-02-14T11:49:50","guid":{"rendered":"https:\/\/francemurder.com\/?page_id=4308"},"modified":"2024-04-03T23:39:58","modified_gmt":"2024-04-03T21:39:58","slug":"inscription-a-la-murder-party-joc-destany","status":"publish","type":"page","link":"https:\/\/francemurder.com\/?page_id=4308","title":{"rendered":"Inscription \u00e0 la Murder Party Joc d&#8217;Estany"},"content":{"rendered":"\n<h2 class=\"has-text-align-center wp-block-heading\">Inscription Murder-Party<\/h2>\n\n\n\n<h5 class=\"has-text-align-center wp-block-heading\"><mark style=\"background-color:rgba(0, 0, 0, 0)\" class=\"has-inline-color has-vivid-red-color\">Dans le cadre du festival du jeu organis\u00e9 par Joc D&#8217;Estany<\/mark><\/h5>\n\n\n<div class=\"wp-block-image\">\n<figure class=\"aligncenter size-large is-resized\"><img loading=\"lazy\" decoding=\"async\" src=\"https:\/\/francemurder.com\/wp-content\/uploads\/2024\/02\/France-murder-2024-1024x1024.png\" alt=\"\" class=\"wp-image-4312\" width=\"330\" height=\"330\" srcset=\"https:\/\/francemurder.com\/wp-content\/uploads\/2024\/02\/France-murder-2024.png 1024w, https:\/\/francemurder.com\/wp-content\/uploads\/2024\/02\/France-murder-2024-300x300.png 300w, https:\/\/francemurder.com\/wp-content\/uploads\/2024\/02\/France-murder-2024-150x150.png 150w, https:\/\/francemurder.com\/wp-content\/uploads\/2024\/02\/France-murder-2024-768x768.png 768w, https:\/\/francemurder.com\/wp-content\/uploads\/2024\/02\/France-murder-2024-600x600.png 600w, https:\/\/francemurder.com\/wp-content\/uploads\/2024\/02\/France-murder-2024-100x100.png 100w\" sizes=\"auto, (max-width: 330px) 100vw, 330px\" \/><\/figure><\/div>\n\n\n<p class=\"has-text-align-center\"><strong>La Murder-Party aura lieu le Samedi 6 Avril 2024 \u00e0 15H30<\/strong><\/p>\n\n\n\n<p class=\"has-text-align-center\"><mark style=\"background-color:rgba(0, 0, 0, 0)\" class=\"has-inline-color has-vivid-red-color\">d\u00e9sol\u00e9 le formulaire d&#8217;inscription a \u00e9t\u00e9 retir\u00e9 car nous sommes<\/mark><\/p>\n\n\n\n<h1 class=\"has-text-align-center wp-block-heading\"><strong><mark style=\"background-color:rgba(0, 0, 0, 0)\" class=\"has-inline-color has-vivid-red-color\">COMPLET<\/mark><\/strong><\/h1>\n\n\n<div class=\"wp-block-image\">\n<figure class=\"aligncenter size-large is-resized\"><img loading=\"lazy\" decoding=\"async\" src=\"https:\/\/francemurder.com\/wp-content\/uploads\/2024\/02\/Logo-Joc-dEstany-1024x1024.jpg\" alt=\"\" class=\"wp-image-4313\" width=\"134\" height=\"134\" srcset=\"https:\/\/francemurder.com\/wp-content\/uploads\/2024\/02\/Logo-Joc-dEstany-1024x1024.jpg 1024w, https:\/\/francemurder.com\/wp-content\/uploads\/2024\/02\/Logo-Joc-dEstany-300x300.jpg 300w, https:\/\/francemurder.com\/wp-content\/uploads\/2024\/02\/Logo-Joc-dEstany-150x150.jpg 150w, https:\/\/francemurder.com\/wp-content\/uploads\/2024\/02\/Logo-Joc-dEstany-768x768.jpg 768w, https:\/\/francemurder.com\/wp-content\/uploads\/2024\/02\/Logo-Joc-dEstany-600x600.jpg 600w, https:\/\/francemurder.com\/wp-content\/uploads\/2024\/02\/Logo-Joc-dEstany-100x100.jpg 100w, https:\/\/francemurder.com\/wp-content\/uploads\/2024\/02\/Logo-Joc-dEstany.jpg 1080w\" sizes=\"auto, (max-width: 134px) 100vw, 134px\" \/><\/figure><\/div>","protected":false},"excerpt":{"rendered":"<p>Inscription Murder-Party Dans le cadre du festival du jeu organis\u00e9 par Joc D&#8217;Estany La Murder-Party aura lieu le Samedi 6 Avril 2024 \u00e0 15H30 d\u00e9sol\u00e9 le formulaire d&#8217;inscription a \u00e9t\u00e9 retir\u00e9 car nous sommes COMPLET<\/p>\n","protected":false},"author":1,"featured_media":0,"parent":0,"menu_order":0,"comment_status":"closed","ping_status":"closed","template":"","meta":{"_glsr_average":0,"_glsr_ranking":0,"_glsr_reviews":0,"footnotes":""},"class_list":["post-4308","page","type-page","status-publish","hentry"],"_links":{"self":[{"href":"https:\/\/francemurder.com\/index.php?rest_route=\/wp\/v2\/pages\/4308","targetHints":{"allow":["GET"]}}],"collection":[{"href":"https:\/\/francemurder.com\/index.php?rest_route=\/wp\/v2\/pages"}],"about":[{"href":"https:\/\/francemurder.com\/index.php?rest_route=\/wp\/v2\/types\/page"}],"author":[{"embeddable":true,"href":"https:\/\/francemurder.com\/index.php?rest_route=\/wp\/v2\/users\/1"}],"replies":[{"embeddable":true,"href":"https:\/\/francemurder.com\/index.php?rest_route=%2Fwp%2Fv2%2Fcomments&post=4308"}],"version-history":[{"count":7,"href":"https:\/\/francemurder.com\/index.php?rest_route=\/wp\/v2\/pages\/4308\/revisions"}],"predecessor-version":[{"id":4536,"href":"https:\/\/francemurder.com\/index.php?rest_route=\/wp\/v2\/pages\/4308\/revisions\/4536"}],"wp:attachment":[{"href":"https:\/\/francemurder.com\/index.php?rest_route=%2Fwp%2Fv2%2Fmedia&parent=4308"}],"curies":[{"name":"wp","href":"https:\/\/api.w.org\/{rel}","templated":true}]}}