{"id":396,"date":"2021-03-29T02:25:59","date_gmt":"2021-03-29T00:25:59","guid":{"rendered":"http:\/\/francemurder.com\/?page_id=396"},"modified":"2023-08-31T09:17:21","modified_gmt":"2023-08-31T07:17:21","slug":"faq-mini-maxi","status":"publish","type":"page","link":"https:\/\/francemurder.com\/?page_id=396","title":{"rendered":"FAQ : Mini-Maxi"},"content":{"rendered":"\n<div class=\"wp-block-media-text alignwide is-stacked-on-mobile\" style=\"grid-template-columns:15% auto\"><figure class=\"wp-block-media-text__media\"><img loading=\"lazy\" decoding=\"async\" width=\"1012\" height=\"1003\" src=\"https:\/\/francemurder.com\/wp-content\/uploads\/2023\/08\/Midjourney-Helper.png\" alt=\"\" class=\"wp-image-3481 size-full\" srcset=\"https:\/\/francemurder.com\/wp-content\/uploads\/2023\/08\/Midjourney-Helper.png 1012w, https:\/\/francemurder.com\/wp-content\/uploads\/2023\/08\/Midjourney-Helper-300x297.png 300w, https:\/\/francemurder.com\/wp-content\/uploads\/2023\/08\/Midjourney-Helper-150x150.png 150w, https:\/\/francemurder.com\/wp-content\/uploads\/2023\/08\/Midjourney-Helper-768x761.png 768w, https:\/\/francemurder.com\/wp-content\/uploads\/2023\/08\/Midjourney-Helper-600x595.png 600w, https:\/\/francemurder.com\/wp-content\/uploads\/2023\/08\/Midjourney-Helper-100x100.png 100w\" sizes=\"auto, (max-width: 1012px) 100vw, 1012px\" \/><\/figure><div class=\"wp-block-media-text__content\">\n<h2 class=\"has-text-align-left wp-block-heading\">FAQ : Mini \/ Maxi<\/h2>\n<\/div><\/div>\n\n\n\n<hr class=\"wp-block-separator has-css-opacity\"\/>\n\n\n\n<p><br>Chaque sc\u00e9nario est d\u00e9fini par un nombre <strong>MINI <\/strong>et <strong>MAXI <\/strong>de joueurs<\/p>\n\n\n\n<p><mark style=\"background-color:rgba(0, 0, 0, 0);color:#0404ff\" class=\"has-inline-color\"><strong>V\u00e9rifiez bien avant votre achat que la taille de votre groupe correspond \u00e0 ce crit\u00e8re. <\/strong><\/mark><\/p>\n\n\n\n<p>C&#8217;est un \u00e9l\u00e9ment incontournable fix\u00e9 lors de la r\u00e9daction du sc\u00e9nario afin que les intrigues puissent se d\u00e9rouler correctement.<\/p>\n\n\n\n<p>Dans l&#8217;id\u00e9al vous choisirez un scenario qui vous plait mais o\u00f9 votre nombre d&#8217;invit\u00e9s de situe au centre de la fourchette de validit\u00e9.<\/p>\n\n\n\n<p><strong>Par exemple<\/strong> : si votre groupe est constitu\u00e9 de 11 personnes, vous pr\u00e9f\u00e9rerez un scenario valable pour 8\/14 joueurs plut\u00f4t qu&#8217;un autre con\u00e7u pour la tranche 11\/16 personnes<\/p>\n\n\n\n<p>Dans ce dernier cas, un seul de vos amis, absent de derni\u00e8re minute, mettrait en p\u00e9ril la bonne tenue de la soir\u00e9e, en vous faisant passer sous la barre du nombre de joueurs mini.<\/p>\n\n\n\n<p>N&#8217;oubliez pas de consulter aussi notre <a href=\"https:\/\/francemurder.com\/?page_id=401\">FAQ sur la r\u00e9partition hommes\/femmes<\/a> qui peut aussi affecter votre choix<\/p>\n\n\n\n<p><\/p>\n","protected":false},"excerpt":{"rendered":"<p>FAQ : Mini \/ Maxi Chaque sc\u00e9nario est d\u00e9fini par un nombre MINI et MAXI de joueurs V\u00e9rifiez bien avant votre achat que la taille de votre groupe correspond \u00e0 ce crit\u00e8re. C&#8217;est un \u00e9l\u00e9ment incontournable fix\u00e9 lors de la r\u00e9daction du sc\u00e9nario afin que les intrigues puissent se d\u00e9rouler correctement. Dans l&#8217;id\u00e9al vous choisirez [&hellip;]<\/p>\n","protected":false},"author":1,"featured_media":0,"parent":0,"menu_order":0,"comment_status":"closed","ping_status":"closed","template":"","meta":{"_glsr_average":0,"_glsr_ranking":0,"_glsr_reviews":0,"footnotes":""},"class_list":["post-396","page","type-page","status-publish","hentry"],"_links":{"self":[{"href":"https:\/\/francemurder.com\/index.php?rest_route=\/wp\/v2\/pages\/396","targetHints":{"allow":["GET"]}}],"collection":[{"href":"https:\/\/francemurder.com\/index.php?rest_route=\/wp\/v2\/pages"}],"about":[{"href":"https:\/\/francemurder.com\/index.php?rest_route=\/wp\/v2\/types\/page"}],"author":[{"embeddable":true,"href":"https:\/\/francemurder.com\/index.php?rest_route=\/wp\/v2\/users\/1"}],"replies":[{"embeddable":true,"href":"https:\/\/francemurder.com\/index.php?rest_route=%2Fwp%2Fv2%2Fcomments&post=396"}],"version-history":[{"count":12,"href":"https:\/\/francemurder.com\/index.php?rest_route=\/wp\/v2\/pages\/396\/revisions"}],"predecessor-version":[{"id":3487,"href":"https:\/\/francemurder.com\/index.php?rest_route=\/wp\/v2\/pages\/396\/revisions\/3487"}],"wp:attachment":[{"href":"https:\/\/francemurder.com\/index.php?rest_route=%2Fwp%2Fv2%2Fmedia&parent=396"}],"curies":[{"name":"wp","href":"https:\/\/api.w.org\/{rel}","templated":true}]}}