{"id":2746,"date":"2022-12-19T17:59:03","date_gmt":"2022-12-19T16:59:03","guid":{"rendered":"https:\/\/francemurder.com\/?page_id=2746"},"modified":"2024-12-05T11:08:41","modified_gmt":"2024-12-05T10:08:41","slug":"une-soiree-horrible","status":"publish","type":"page","link":"https:\/\/francemurder.com\/?page_id=2746","title":{"rendered":"Une Soir\u00e9e Horrible"},"content":{"rendered":"\n<h1 class=\"wp-block-heading\">Une Soir\u00e9e Horrible<\/h1>\n\n\n\n<h3 class=\"wp-block-heading\"><mark style=\"background-color:rgba(0, 0, 0, 0)\" class=\"has-inline-color has-white-color\">(Joueurs d\u00e9butants)<\/mark><br><mark style=\"background-color:rgba(0, 0, 0, 0)\" class=\"has-inline-color has-white-color\">.<\/mark><\/h3>\n\n\n\n<figure class=\"wp-block-image size-large\"><img loading=\"lazy\" decoding=\"async\" width=\"1024\" height=\"455\" src=\"https:\/\/francemurder.com\/wp-content\/uploads\/2023\/10\/FT-Une-soiree-Horrible-V2-1024x455.png\" alt=\"\" class=\"wp-image-3638\" srcset=\"https:\/\/francemurder.com\/wp-content\/uploads\/2023\/10\/FT-Une-soiree-Horrible-V2-1024x455.png 1024w, https:\/\/francemurder.com\/wp-content\/uploads\/2023\/10\/FT-Une-soiree-Horrible-V2-300x133.png 300w, https:\/\/francemurder.com\/wp-content\/uploads\/2023\/10\/FT-Une-soiree-Horrible-V2-768x341.png 768w, https:\/\/francemurder.com\/wp-content\/uploads\/2023\/10\/FT-Une-soiree-Horrible-V2-1536x682.png 1536w, https:\/\/francemurder.com\/wp-content\/uploads\/2023\/10\/FT-Une-soiree-Horrible-V2-600x266.png 600w, https:\/\/francemurder.com\/wp-content\/uploads\/2023\/10\/FT-Une-soiree-Horrible-V2.png 2048w\" sizes=\"auto, (max-width: 1024px) 100vw, 1024px\" \/><\/figure>\n\n\n\n<div class=\"wp-block-columns is-layout-flex wp-container-core-columns-is-layout-1 wp-block-columns-is-layout-flex\">\n<div class=\"wp-block-column is-layout-flow wp-block-column-is-layout-flow\">\n<div class=\"wp-block-buttons is-content-justification-center is-layout-flex wp-container-core-buttons-is-layout-1 wp-block-buttons-is-layout-flex\">\n<div class=\"wp-block-button\"><a class=\"wp-block-button__link has-white-color has-text-color has-background wp-element-button\" href=\"https:\/\/francemurder.com\/?product=une-soiree-horrible\" style=\"background-color:#ff0000\" target=\"_blank\" rel=\"noreferrer noopener\">Acheter le jeu 36 \u20ac<\/a><\/div>\n\n\n\n<div class=\"wp-block-button\"><a class=\"wp-block-button__link has-white-color has-text-color has-background wp-element-button\" href=\"https:\/\/francemurder.com\/wp-content\/uploads\/2023\/10\/Une-Soiree-Horrible-www.francemurder.com-v5.05.10.2023.pdf\" style=\"background-color:#0404ff\" target=\"_blank\" rel=\"noreferrer noopener\">T\u00e9l\u00e9charger le descriptif<\/a><\/div>\n<\/div>\n\n\n\n<p><\/p>\n<\/div>\n<\/div>\n\n\n\n<h4 class=\"wp-block-heading\">Le Sc\u00e9nario de <em>Une Soir\u00e9e Horrible<\/em><\/h4>\n\n\n\n<p class=\"has-text-align-left\" style=\"font-size:15px\"><br><\/p>\n\n\n\n<p>L\u2019action se d\u00e9roule \u00e0 Hollywood lors de la soir\u00e9e de remise des r\u00e9compenses du cin\u00e9ma d\u2019horreur. Tout le monde est venu d\u00e9guis\u00e9 car c\u2019est la tradition de cette c\u00e9r\u00e9monie<\/p>\n\n\n\n<p>Le film <strong>\u00ab&nbsp;Une <\/strong><strong>S<\/strong><strong>oir\u00e9e <\/strong><strong>Horrible<\/strong><strong>&nbsp;\u00bb<\/strong> a survol\u00e9 la soir\u00e9e en remportant 4 Squelettes d\u2019or pour Le Meilleur film, le Meilleur Acteur, Le Meilleur R\u00e9alisateur et le Meilleur Scenario. H\u00e9las pour son acteur vedette, Tom Speed, sa statuette lui a \u00e9t\u00e9 attribu\u00e9e \u00e0 titre posthume \u00e0 cause de l\u2019accident de voiture qui lui a co\u00fbt\u00e9 la vie durant la nuit\u2026 C\u2019est son meilleur ami H.Vicars qui l\u2019a re\u00e7ue en son nom. La r\u00e9ception est officiellement conviviale avec le champagne qui coule \u00e0 flot et des contrats qui se n\u00e9gocient en secret, mais en coulisse les suspicions de meurtre sur Tom Speed et de trucage pour l\u2019attribution des squelettes d\u2019or ternissent l\u2019ambiance. Hollywood est en effervescence&nbsp;!<\/p>\n\n\n\n<p class=\"has-text-align-right\"><\/p>\n\n\n\n<h4 class=\"wp-block-heading\">Le Casting de <em><em>Une Soir\u00e9e Horrible<\/em><\/em><mark style=\"background-color:rgba(0, 0, 0, 0);color:#0404ff\" class=\"has-inline-color\"><\/mark><\/h4>\n\n\n\n<p>&#8211; Acteurs<br>&#8211; R\u00e9alisateurs<br>&#8211; Producteurs<br>&#8211; Managers<br>&#8211; Photographes<br>&#8211; Cascadeurs<br>&#8211; Et quelques invit\u00e9s inattendus&nbsp;!<\/p>\n\n\n\n<h4 class=\"wp-block-heading\"><br><strong>Comment fonctionne<\/strong> <em><em>Une Soir\u00e9e Horrible<\/em> <\/em>?<\/h4>\n\n\n\n<p><br>Le jeu <strong><em>Une Soir\u00e9e Horrible<\/em><\/strong> a \u00e9t\u00e9 con\u00e7u pour 21 \u00e0 29 joueurs. Une personne (l\u2019h\u00f4te) doit coordonner et organiser (h\u00e9berger) le jeu. Cette personne sera aux yeux de tous le <strong><mark style=\"background-color:rgba(0, 0, 0, 0);color:#0404ff\" class=\"has-inline-color\">Maitre de C\u00e9r\u00e9monie <\/mark><\/strong>de la soir\u00e9e de remise des Oscars du film d&#8217;Horreur. Son r\u00f4le sera de faciliter la partie en connaissant tous ses rouages. Sa mission sera donc parall\u00e8le \u00e0 l\u2019activit\u00e9 ludique mais elle n\u2019en sera pas moins int\u00e9ressante, tous nos joueurs le confirment. Vu le nombre de joueurs important nous recommandons tres fortement qu&#8217;il soit second\u00e9 par un (voire 2) assistants<\/p>\n\n\n\n<div class=\"wp-block-media-text alignwide is-stacked-on-mobile\" style=\"grid-template-columns:44% auto\"><figure class=\"wp-block-media-text__media\"><img loading=\"lazy\" decoding=\"async\" width=\"380\" height=\"173\" src=\"https:\/\/francemurder.com\/wp-content\/uploads\/2022\/12\/bobine-cinema.gif\" alt=\"\" class=\"wp-image-2760 size-full\"\/><\/figure><div class=\"wp-block-media-text__content\">\n<p style=\"font-size:15px\"><em><strong>Une Soir\u00e9e Horrible<\/strong><\/em> dure en g\u00e9n\u00e9ral environ 2<sup>H<\/sup>30. Les participants seront r\u00e9unis dans une grande salle qui symbolisera le Club Inferno o\u00f9 se d\u00e9roule la remise des &#8220;Squelettes d&#8217;or&#8221;.<\/p>\n<\/div><\/div>\n\n\n\n<h4 class=\"wp-block-heading\"><br><strong>Qu&#8217;est-ce qui se passe dans<\/strong> <em><em>Une Soir\u00e9e Horrible<\/em> <\/em>?<\/h4>\n\n\n\n<p><br>D\u2019apr\u00e8s le scenario, les personnages sont r\u00e9unis dans la salle de r\u00e9ception o\u00f9 vient de se d\u00e9rouler la remise des squelettes d&#8217;or mais la f\u00eate sera g\u00e2ch\u00e9e par un \u00e9v\u00e8nement ind\u00e9sirable pour lequel ils doivent trouver une solution. De plus, ils ont des objectifs secondaires d\u00e9finis par leur feuille de personnage qui rendent le jeu tr\u00e8s dynamique. La mani\u00e8re qu\u2019ils choisiront pour r\u00e9ussir l&#8217;enqu\u00eate principale et ces missions annexes sera le fruit de  leur imagination et de leur diplomatie face aux autres joueurs. <em><strong>Une soir\u00e9e Horrible<\/strong><\/em> est une soir\u00e9e de rancunes r\u00e9siduelles du pass\u00e9, de rivalit\u00e9 actuelle et de meurtre !<\/p>\n\n\n\n<h4 class=\"wp-block-heading\"><br><strong>Quelques \u00e9l\u00e9ments de jeu de<\/strong> <em><em>Une Soir\u00e9e Horrible<\/em> <\/em>?<br><mark style=\"background-color:rgba(0, 0, 0, 0)\" class=\"has-inline-color has-white-color\">&#8230;<\/mark><\/h4>\n\n\n\n<div class=\"wp-block-columns is-layout-flex wp-container-core-columns-is-layout-2 wp-block-columns-is-layout-flex\">\n<div class=\"wp-block-column is-layout-flow wp-block-column-is-layout-flow\">\n<figure class=\"wp-block-image size-large\"><a href=\"https:\/\/francemurder.com\/wp-content\/uploads\/2022\/12\/USH-les-activites-de-la-soiree-v2.png\"><img loading=\"lazy\" decoding=\"async\" width=\"724\" height=\"1024\" src=\"https:\/\/francemurder.com\/wp-content\/uploads\/2022\/12\/USH-les-activites-de-la-soiree-v2-724x1024.png\" alt=\"\" class=\"wp-image-2768\" srcset=\"https:\/\/francemurder.com\/wp-content\/uploads\/2022\/12\/USH-les-activites-de-la-soiree-v2-724x1024.png 724w, https:\/\/francemurder.com\/wp-content\/uploads\/2022\/12\/USH-les-activites-de-la-soiree-v2-212x300.png 212w, https:\/\/francemurder.com\/wp-content\/uploads\/2022\/12\/USH-les-activites-de-la-soiree-v2-768x1086.png 768w, https:\/\/francemurder.com\/wp-content\/uploads\/2022\/12\/USH-les-activites-de-la-soiree-v2-1086x1536.png 1086w, https:\/\/francemurder.com\/wp-content\/uploads\/2022\/12\/USH-les-activites-de-la-soiree-v2-1448x2048.png 1448w, https:\/\/francemurder.com\/wp-content\/uploads\/2022\/12\/USH-les-activites-de-la-soiree-v2-300x424.png 300w, https:\/\/francemurder.com\/wp-content\/uploads\/2022\/12\/USH-les-activites-de-la-soiree-v2-600x849.png 600w\" sizes=\"auto, (max-width: 724px) 100vw, 724px\" \/><\/a><\/figure>\n<\/div>\n\n\n\n<div class=\"wp-block-column is-layout-flow wp-block-column-is-layout-flow\">\n<p><br>Un aper\u00e7u des missions diverses qui pourront vous \u00eatre confi\u00e9es en compl\u00e9ment \u00e0 la r\u00e9solution du crime principal commis sur Tom Speed !<\/p>\n\n\n\n<hr class=\"wp-block-separator has-css-opacity\"\/>\n\n\n\n<p>Ainsi que la <strong><span style=\"color:#0404ff\" class=\"has-inline-color\">comp\u00e9tence &#8220;Sp\u00e9ciale&#8221;<\/span><\/strong> d&#8217;un des joueurs, lui donnant un pouvoir de persuasion.<\/p>\n\n\n\n<div class=\"wp-block-group\"><div class=\"wp-block-group__inner-container is-layout-flow wp-block-group-is-layout-flow\">\n<figure class=\"wp-block-image size-large\"><img loading=\"lazy\" decoding=\"async\" width=\"546\" height=\"219\" src=\"https:\/\/francemurder.com\/wp-content\/uploads\/2021\/04\/RM_Exemple-Competence.png\" alt=\"\" class=\"wp-image-750\" srcset=\"https:\/\/francemurder.com\/wp-content\/uploads\/2021\/04\/RM_Exemple-Competence.png 546w, https:\/\/francemurder.com\/wp-content\/uploads\/2021\/04\/RM_Exemple-Competence-300x120.png 300w\" sizes=\"auto, (max-width: 546px) 100vw, 546px\" \/><\/figure>\n\n\n\n<p>et celle d&#8217;un de ses adversaires &#8230;<\/p>\n\n\n\n<figure class=\"wp-block-image size-large\"><img loading=\"lazy\" decoding=\"async\" width=\"1024\" height=\"450\" src=\"https:\/\/francemurder.com\/wp-content\/uploads\/2023\/08\/Observation-1024x450.jpg\" alt=\"\" class=\"wp-image-3237\" srcset=\"https:\/\/francemurder.com\/wp-content\/uploads\/2023\/08\/Observation-1024x450.jpg 1024w, https:\/\/francemurder.com\/wp-content\/uploads\/2023\/08\/Observation-300x132.jpg 300w, https:\/\/francemurder.com\/wp-content\/uploads\/2023\/08\/Observation-768x338.jpg 768w, https:\/\/francemurder.com\/wp-content\/uploads\/2023\/08\/Observation-600x264.jpg 600w, https:\/\/francemurder.com\/wp-content\/uploads\/2023\/08\/Observation.jpg 1035w\" sizes=\"auto, (max-width: 1024px) 100vw, 1024px\" \/><\/figure>\n<\/div><\/div>\n<\/div>\n<\/div>\n\n\n\n<div class=\"wp-block-buttons is-content-justification-center is-layout-flex wp-container-core-buttons-is-layout-2 wp-block-buttons-is-layout-flex\">\n<div class=\"wp-block-button\"><a class=\"wp-block-button__link has-white-color has-text-color has-background wp-element-button\" href=\"https:\/\/francemurder.com\/?product=une-soiree-horrible\" style=\"background-color:#ff0000\" target=\"_blank\" rel=\"noreferrer noopener\">Acheter le jeu 36 \u20ac<\/a><\/div>\n\n\n\n<div class=\"wp-block-button\"><a class=\"wp-block-button__link has-white-color has-text-color has-background wp-element-button\" href=\"https:\/\/francemurder.com\/wp-content\/uploads\/2023\/10\/Une-Soiree-Horrible-www.francemurder.com-v5.05.10.2023.pdf\" style=\"background-color:#0404ff\" target=\"_blank\" rel=\"noreferrer noopener\">T\u00e9l\u00e9charger le descriptif<\/a><\/div>\n<\/div>\n\n\n\n<p><mark style=\"background-color:rgba(0, 0, 0, 0)\" class=\"has-inline-color has-white-color\">.<\/mark><\/p>\n\n\n\n<hr class=\"wp-block-separator has-alpha-channel-opacity\"\/>\n\n\n\n<p><mark style=\"background-color:rgba(0, 0, 0, 0)\" class=\"has-inline-color has-white-color\">.<\/mark><\/p>\n\n\n\n<figure class=\"wp-block-gallery has-nested-images columns-default is-cropped wp-block-gallery-1 is-layout-flex wp-block-gallery-is-layout-flex\">\n<figure class=\"wp-block-image size-large\"><img loading=\"lazy\" decoding=\"async\" width=\"683\" height=\"1024\" data-id=\"5753\" src=\"https:\/\/francemurder.com\/wp-content\/uploads\/2024\/12\/DSC4276-683x1024.jpg\" alt=\"\" class=\"wp-image-5753\" srcset=\"https:\/\/francemurder.com\/wp-content\/uploads\/2024\/12\/DSC4276-683x1024.jpg 683w, https:\/\/francemurder.com\/wp-content\/uploads\/2024\/12\/DSC4276-200x300.jpg 200w, https:\/\/francemurder.com\/wp-content\/uploads\/2024\/12\/DSC4276-768x1152.jpg 768w, https:\/\/francemurder.com\/wp-content\/uploads\/2024\/12\/DSC4276-1024x1536.jpg 1024w, https:\/\/francemurder.com\/wp-content\/uploads\/2024\/12\/DSC4276-1365x2048.jpg 1365w, https:\/\/francemurder.com\/wp-content\/uploads\/2024\/12\/DSC4276-300x450.jpg 300w, https:\/\/francemurder.com\/wp-content\/uploads\/2024\/12\/DSC4276-600x900.jpg 600w, https:\/\/francemurder.com\/wp-content\/uploads\/2024\/12\/DSC4276-scaled.jpg 1707w\" sizes=\"auto, (max-width: 683px) 100vw, 683px\" \/><\/figure>\n\n\n\n<figure class=\"wp-block-image size-full\"><img loading=\"lazy\" decoding=\"async\" width=\"1707\" height=\"2560\" data-id=\"5754\" src=\"https:\/\/francemurder.com\/wp-content\/uploads\/2024\/12\/DSC4331-scaled.jpg\" alt=\"\" class=\"wp-image-5754\" srcset=\"https:\/\/francemurder.com\/wp-content\/uploads\/2024\/12\/DSC4331-scaled.jpg 1707w, https:\/\/francemurder.com\/wp-content\/uploads\/2024\/12\/DSC4331-200x300.jpg 200w, https:\/\/francemurder.com\/wp-content\/uploads\/2024\/12\/DSC4331-683x1024.jpg 683w, https:\/\/francemurder.com\/wp-content\/uploads\/2024\/12\/DSC4331-768x1152.jpg 768w, https:\/\/francemurder.com\/wp-content\/uploads\/2024\/12\/DSC4331-1024x1536.jpg 1024w, https:\/\/francemurder.com\/wp-content\/uploads\/2024\/12\/DSC4331-1365x2048.jpg 1365w, https:\/\/francemurder.com\/wp-content\/uploads\/2024\/12\/DSC4331-300x450.jpg 300w, https:\/\/francemurder.com\/wp-content\/uploads\/2024\/12\/DSC4331-600x900.jpg 600w\" sizes=\"auto, (max-width: 1707px) 100vw, 1707px\" \/><\/figure>\n\n\n\n<figure class=\"wp-block-image size-large\"><img loading=\"lazy\" decoding=\"async\" width=\"683\" height=\"1024\" data-id=\"5755\" src=\"https:\/\/francemurder.com\/wp-content\/uploads\/2024\/12\/DSC4316-683x1024.jpg\" alt=\"\" class=\"wp-image-5755\" srcset=\"https:\/\/francemurder.com\/wp-content\/uploads\/2024\/12\/DSC4316-683x1024.jpg 683w, https:\/\/francemurder.com\/wp-content\/uploads\/2024\/12\/DSC4316-200x300.jpg 200w, https:\/\/francemurder.com\/wp-content\/uploads\/2024\/12\/DSC4316-768x1152.jpg 768w, https:\/\/francemurder.com\/wp-content\/uploads\/2024\/12\/DSC4316-1024x1536.jpg 1024w, https:\/\/francemurder.com\/wp-content\/uploads\/2024\/12\/DSC4316-1365x2048.jpg 1365w, https:\/\/francemurder.com\/wp-content\/uploads\/2024\/12\/DSC4316-300x450.jpg 300w, https:\/\/francemurder.com\/wp-content\/uploads\/2024\/12\/DSC4316-600x900.jpg 600w, https:\/\/francemurder.com\/wp-content\/uploads\/2024\/12\/DSC4316-scaled.jpg 1707w\" sizes=\"auto, (max-width: 683px) 100vw, 683px\" \/><\/figure>\n\n\n\n<figure class=\"wp-block-image size-large\"><img loading=\"lazy\" decoding=\"async\" width=\"1024\" height=\"683\" data-id=\"5756\" src=\"https:\/\/francemurder.com\/wp-content\/uploads\/2024\/12\/DSC4259-1024x683.jpg\" alt=\"\" class=\"wp-image-5756\" srcset=\"https:\/\/francemurder.com\/wp-content\/uploads\/2024\/12\/DSC4259-1024x683.jpg 1024w, https:\/\/francemurder.com\/wp-content\/uploads\/2024\/12\/DSC4259-300x200.jpg 300w, https:\/\/francemurder.com\/wp-content\/uploads\/2024\/12\/DSC4259-768x512.jpg 768w, https:\/\/francemurder.com\/wp-content\/uploads\/2024\/12\/DSC4259-1536x1024.jpg 1536w, https:\/\/francemurder.com\/wp-content\/uploads\/2024\/12\/DSC4259-2048x1365.jpg 2048w, https:\/\/francemurder.com\/wp-content\/uploads\/2024\/12\/DSC4259-600x400.jpg 600w\" sizes=\"auto, (max-width: 1024px) 100vw, 1024px\" \/><\/figure>\n\n\n\n<figure class=\"wp-block-image size-large\"><img loading=\"lazy\" decoding=\"async\" width=\"1024\" height=\"683\" data-id=\"5757\" src=\"https:\/\/francemurder.com\/wp-content\/uploads\/2024\/12\/DSC4368-1024x683.jpg\" alt=\"\" class=\"wp-image-5757\" srcset=\"https:\/\/francemurder.com\/wp-content\/uploads\/2024\/12\/DSC4368-1024x683.jpg 1024w, https:\/\/francemurder.com\/wp-content\/uploads\/2024\/12\/DSC4368-300x200.jpg 300w, https:\/\/francemurder.com\/wp-content\/uploads\/2024\/12\/DSC4368-768x512.jpg 768w, https:\/\/francemurder.com\/wp-content\/uploads\/2024\/12\/DSC4368-1536x1024.jpg 1536w, https:\/\/francemurder.com\/wp-content\/uploads\/2024\/12\/DSC4368-2048x1365.jpg 2048w, https:\/\/francemurder.com\/wp-content\/uploads\/2024\/12\/DSC4368-600x400.jpg 600w\" sizes=\"auto, (max-width: 1024px) 100vw, 1024px\" \/><\/figure>\n<\/figure>\n","protected":false},"excerpt":{"rendered":"<p>Une Soir\u00e9e Horrible (Joueurs d\u00e9butants). Le Sc\u00e9nario de Une Soir\u00e9e Horrible L\u2019action se d\u00e9roule \u00e0 Hollywood lors de la soir\u00e9e de remise des r\u00e9compenses du cin\u00e9ma d\u2019horreur. Tout le monde est venu d\u00e9guis\u00e9 car c\u2019est la tradition de cette c\u00e9r\u00e9monie Le film \u00ab&nbsp;Une Soir\u00e9e Horrible&nbsp;\u00bb a survol\u00e9 la soir\u00e9e en remportant 4 Squelettes d\u2019or pour [&hellip;]<\/p>\n","protected":false},"author":1,"featured_media":0,"parent":0,"menu_order":0,"comment_status":"closed","ping_status":"closed","template":"","meta":{"_glsr_average":0,"_glsr_ranking":0,"_glsr_reviews":0,"footnotes":""},"class_list":["post-2746","page","type-page","status-publish","hentry"],"_links":{"self":[{"href":"https:\/\/francemurder.com\/index.php?rest_route=\/wp\/v2\/pages\/2746","targetHints":{"allow":["GET"]}}],"collection":[{"href":"https:\/\/francemurder.com\/index.php?rest_route=\/wp\/v2\/pages"}],"about":[{"href":"https:\/\/francemurder.com\/index.php?rest_route=\/wp\/v2\/types\/page"}],"author":[{"embeddable":true,"href":"https:\/\/francemurder.com\/index.php?rest_route=\/wp\/v2\/users\/1"}],"replies":[{"embeddable":true,"href":"https:\/\/francemurder.com\/index.php?rest_route=%2Fwp%2Fv2%2Fcomments&post=2746"}],"version-history":[{"count":21,"href":"https:\/\/francemurder.com\/index.php?rest_route=\/wp\/v2\/pages\/2746\/revisions"}],"predecessor-version":[{"id":5760,"href":"https:\/\/francemurder.com\/index.php?rest_route=\/wp\/v2\/pages\/2746\/revisions\/5760"}],"wp:attachment":[{"href":"https:\/\/francemurder.com\/index.php?rest_route=%2Fwp%2Fv2%2Fmedia&parent=2746"}],"curies":[{"name":"wp","href":"https:\/\/api.w.org\/{rel}","templated":true}]}}